it of a?
4
Let j be 2/(-3) + 4/6. Suppose q = -5*f + 31, j*f + 15 = 5*q - 3*f. Let t = q - -3. What is the units digit of t?
9
Let x(k) = -6 - k + 6. What is the units digit of x(-2)?
2
Suppose -4*j - h + 19 = 0, 3*j + h - 19 = 5*h. Suppose -5*i + 6 + 8 = -4*d, -d - j = -2*i. What is the units digit of i?
2
Let w(s) = -s**3 + 6*s**2 - 4*s. Let r = 10 - 5. What is the units digit of w(r)?
5
Suppose -5*v = 2*a - 55, 3*a + v - 120 = -5. What is the tens digit of a?
4
Let r(o) = -o**3 + 5*o**2 + 7*o + 8. Let q be r(6). What is the units digit of 18/q - (-4)/(-14)?
1
Suppose 0 = 5*z - 9 - 1. Suppose -z*b + 3*b = 50. Suppose -4*w + 28 = -3*w - 4*n, 5*w - b = 2*n. What is the units digit of w?
8
Suppose -q + 4*q + 34 = f, -5*f + 3*q + 122 = 0. Let n = -13 + f. Suppose -5*z = -a - n, 5*a - 3*z - 51 = -2*z. What is the units digit of a?
1
Suppose -4*g = -2*w + 4*w - 14, 0 = 3*w - 4*g - 11. Let i(r) = r**2 - 3*r + 3. What is the tens digit of i(w)?
1
Let b(y) = 5*y - 2. What is the units digit of b(2)?
8
Let f = 73 - 26. What is the tens digit of f?
4
Let q = -219 - -309. What is the units digit of q?
0
Let y(t) = 2*t**2 + 6*t - 11. Suppose 2*b - 5*b + 15 = 0, 3*w + 3*b + 3 = 0. What is the units digit of y(w)?
5
What is the units digit of 8 + -5 + 2 - 8/(-2)?
9
Let j = -114 + 161. What is the tens digit of j?
4
Suppose -5*s - 171 + 2036 = 0. What is the units digit of s?
3
Suppose -51 = -3*d - 3*f, -37 = -d - 0*f + 4*f. What is the units digit of d?
1
Let t(m) be the first derivative of 3*m**2/2 - 3*m + 1. What is the units digit of t(4)?
9
Let t be ((-54)/36)/((-2)/48). Suppose -z + 2*v = v - 8, -5*v - t = -4*z. What is the units digit of z?
4
Suppose -5*u + 213 = p, p = -2*u + 15 + 183. What is the tens digit of p?
8
Let z be 5/5*(0 + -1). Let v = 5 + 0. Let f = v + z. What is the units digit of f?
4
Suppose 4*w = -0*w - 8. What is the tens digit of (w/(-4))/(1/20)?
1
Suppose -3 - 12 = -5*k. What is the units digit of k?
3
Let p be (6/4)/((-6)/8). Let d be ((-19)/2)/(1/p). Suppose -r = -2*a - 11, -r = 4*a - 0*a + d. What is the units digit of r?
1
Let y be (-4)/((-4)/5)*-1. What is the tens digit of 35/y*(-36)/14?
1
Let d = 10 + -6. Suppose -d*y + 2*y + 2 = 0. Suppose -2*c - y = -3*c. What is the units digit of c?
1
Let r(q) = -q - 2. Let b be r(-3). What is the units digit of b*2*(-222)/(-12)?
7
Suppose 0 = -3*i - t - 0*t + 55, -2*i - 3*t = -32. Let c = 49 - i. What is the units digit of c?
0
What is the tens digit of (42 - 1) + 12/(-6)?
3
Let s(c) = c + 16. Let j be s(-7). Suppose -4 = 6*t - 2*t. What is the units digit of (2 + t)*(-2 + j)?
7
Let r(b) = -2*b**3 + 3*b**2 + 3*b - 11. Let j(p) = p**3 - 2*p**2 - 2*p + 6. Let u(n) = 11*j(n) + 6*r(n). What is the units digit of u(-3)?
3
Let h = -17 + 11. Let a(u) be the first derivative of u**3/3 + 3*u**2 + 6*u - 4. What is the units digit of a(h)?
6
Let w be 0 + 0/(-2) + 0. Suppose w*d = -d + 9. What is the units digit of d + -1 + 2/(-1)?
6
Let d be (-16)/(-9) + (-4)/(-18). Let n = 6 + 3. Let o = n - d. What is the units digit of o?
7
Suppose 3*r - 13 = -2*r + 2*y, 4*r - 5*y = 24. Let w(j) = 13*j**2 + j. What is the units digit of w(r)?
4
Let r be 4/10*(-6 - -86). What is the units digit of (r/1)/(5/5)?
2
Suppose 5*o - 20 = g + 2*g, -4*o = -5*g - 29. Let s = o - -39. What is the tens digit of s?
4
Let h be (-16)/(0 - (-2)/(-18)). Suppose 2*n - 6*n = -h. What is the tens digit of n?
3
Let p = -9 - -14. Let t = -4 + p. What is the units digit of t?
1
Let q = -63 - -147. Suppose -5*c = -c + 4*t - 56, -q = -4*c + 3*t. What is the units digit of c?
8
Suppose 0 = 2*t - 4 - 6, t - 25 = -k. Suppose k = 4*d - 0*d. What is the units digit of d?
5
Let p(b) = -b - 1. Let i(u) = -5*u - 9. Let o(v) = i(v) - 4*p(v). Let q be o(-8). Suppose q*m = -4*n + 23 + 22, 58 = 5*m + n. What is the units digit of m?
1
Suppose 0 = -z - 2, -i = 2*i - 5*z - 442. What is the hundreds digit of i?
1
Let b be 77 + (-3)/(2 + 1). Suppose 5*y = 3*d - b, 23 = -4*y + 3. What is the tens digit of d?
1
Suppose -5*r + 474 - 139 = 0. What is the units digit of r?
7
Let n = 126 - 84. What is the units digit of (n/(-35))/(6/(-40))?
8
Let q = -4 - -6. Suppose q*m = 3 + 5. What is the units digit of m?
4
Let r(d) = -d**3 + 6*d**2 - 4*d. Let v be r(5). Suppose 4*b + 2 = -v*j + 15, -5*b + 10 = 0. What is the units digit of j?
1
Suppose 0*w - 123 = -3*w. What is the tens digit of w?
4
Let w(t) = -43*t - 3. What is the tens digit of w(-1)?
4
Let p = 5 + -1. What is the tens digit of (-165)/10*p/(-3)?
2
Let u(h) = 3*h**2 + 5*h**3 - 5*h - 4*h**3 + 5 + h**2. What is the units digit of u(-5)?
5
Let j be 0 - (9/3 - 3). Suppose -m + 4*m - 9 = j. Suppose m*s + s + 4 = 3*c, s - c = -2. What is the units digit of s?
2
Suppose -40 = -5*d - 0*d. What is the units digit of d?
8
Let w be 614/7 - (-2)/7. Suppose 0*l - 4*l = -4*b + w, 50 = 2*b - 5*l. What is the units digit of b?
0
Let m(r) = 33*r + 2. What is the tens digit of m(1)?
3
Let y = 143 + -79. What is the units digit of y?
4
Let w = -15 - -21. What is the tens digit of w*(-3 - 52/(-8))?
2
Let k = 11 + 1. Suppose n + k = -n. Let a = -2 - n. What is the units digit of a?
4
Let z = -5 - -8. Let v = z - -45. What is the tens digit of v?
4
What is the units digit of (-2)/(-18) + 592/18?
3
Suppose 4*f + 3 = f. Let l(w) = 72*w - 32. Let y(b) = 11*b - 5. Let a(p) = -5*l(p) + 32*y(p). What is the units digit of a(f)?
8
Let b = 34 - 18. What is the units digit of b?
6
Suppose h = a + 58, 3*h - 7*h + a + 223 = 0. Suppose 0 = -2*m - 3*m + h. What is the units digit of m?
1
Suppose -5*c + c + 292 = 0. What is the tens digit of c?
7
Suppose 4*g + g = 190. What is the tens digit of g?
3
Let y = 45 - 30. Suppose 3*x = y - 3. Suppose b = r - 2, 0 = -x*r + 2*r - 2*b + 12. What is the units digit of r?
4
Let r = -56 - -91. Let x = r + -22. What is the tens digit of x?
1
Let p = 20 + 48. What is the tens digit of p?
6
Let w(s) = s**3 - 7*s**2 + 4*s + 5. Let l be w(6). Let a(v) = -3*v + 2*v - 8 + 2*v + 20. What is the units digit of a(l)?
5
Suppose 49 = 2*u + 9. What is the tens digit of u?
2
Suppose -4*j + 4*t + 56 = 0, 0 = j - 5*t - 20 + 2. Let y = -40 + j. Let s = -19 - y. What is the units digit of s?
8
Let p be (-4)/(-12)*-3 + 3. Suppose q - p*q = -52. What is the tens digit of q?
5
Suppose -5*t = 4*h - 100, 4*h + 60 = 5*t - 0*t. What is the units digit of t?
6
Let s(p) = 3*p**2 - 3. What is the units digit of s(3)?
4
Let y(u) = u**2 - 9*u + 10. Let a be y(8). Suppose -i = -3*p + 3, 0*p + 5*p = -4*i - 12. Suppose -a*k - k + 12 = p. What is the units digit of k?
4
What is the units digit of (104/6)/(14/21)?
6
Let r = 56 + -18. What is the tens digit of r?
3
Let j = -21 + 23. Suppose j*v - 12 = -4. What is the units digit of v?
4
Suppose 3*m - 626 = -2*o, 7*m - 2*m - 1054 = 2*o. What is the tens digit of m?
1
Let a = 3138 + -1795. Suppose 353 - a = -5*q. What is the tens digit of (2/(-3))/((-12)/q)?
1
Let h(c) = 2*c + 10 + 6 + 10 + 0. What is the tens digit of h(0)?
2
Let l be 12/8*30/9. Suppose -6*q + 4*q - 2*y + 184 = 0, -q + 68 = -l*y. Suppose -5*k + k = -q. What is the tens digit of k?
2
Let t = 105 + -33. Suppose -t = -8*j + 5*j. What is the tens digit of j?
2
Let m(h) = -h + 2. Let a be m(6). Let i = 2 - 7. Let k = a - i. What is the units digit of k?
1
Let c = -5 + 7. Suppose 3*i - 67 = 4*p, p + 0*p + 43 = c*i. Suppose -4*w + i = 5*v, 4*v = 4*w - 7*w + 16. What is the units digit of w?
4
Let n be 1*116 + -1 + 2. Let u be (-3)/4 + n/12. Suppose t - u = -4. What is the units digit of t?
5
Let i(o) = 10*o - 1. Let m(s) = -s**2 - s + 1. Let v be m(0). What is the units digit of i(v)?
9
Let k be (0/(-1 - 2))/(-2). Suppose 0 = -4*c - k*c. Let n(u) = -u**3 - u**2 + 2. What is the units digit of n(c)?
2
Let t(z) = 18*z**2 + 2*z - 9. What is the tens digit of t(-4)?
7
Let i be (9/6)/((-3)/(-6)). Suppose 10 = i*j - 23. What is the tens digit of j?
1
Suppose -2*v + 5*v - 3*a = 9, -2*v - 2*a = -18. What is the units digit of v?
6
What is the tens digit of (-6)/(4/((-40)/3))?
2
Let l(t) = -2*t**3 - 3*t**2 + 4*t + 3. Let b be l(-5). Suppose 16 = 4*d + 5*u + b, -2*d + 3*u - 60 = 0. What is the units digit of (-75)/(-11) + (-6)/d?
7
Suppose -3*y - k + 23 = -2, -4*k + 36 = 4*y. Let s = y - 2. What is the units digit of (s/10)/(6/